 11557?
7, 13, 127
What are the prime factors of 28361?
79, 359
What are the prime factors of 1621?
1621
List the prime factors of 1807.
13, 139
List the prime factors of 3908.
2, 977
List the prime factors of 1065.
3, 5, 71
List the prime factors of 7603.
7603
List the prime factors of 16.
2
What are the prime factors of 6515?
5, 1303
List the prime factors of 15561.
3, 7, 13, 19
What are the prime factors of 36113?
7, 11, 67
List the prime factors of 7438.
2, 3719
What are the prime factors of 31799?
31799
List the prime factors of 3697.
3697
List the prime factors of 10853.
10853
List the prime factors of 5998.
2, 2999
What are the prime factors of 47708?
2, 11927
What are the prime factors of 17692?
2, 4423
List the prime factors of 7760.
2, 5, 97
List the prime factors of 1726.
2, 863
List the prime factors of 114845.
5, 103, 223
What are the prime factors of 35075?
5, 23, 61
List the prime factors of 108264.
2, 3, 13, 347
What are the prime factors of 6270?
2, 3, 5, 11, 19
List the prime factors of 13636.
2, 7, 487
List the prime factors of 3876.
2, 3, 17, 19
List the prime factors of 67906.
2, 19, 1787
List the prime factors of 37067.
101, 367
List the prime factors of 855.
3, 5, 19
List the prime factors of 3067.
3067
List the prime factors of 25670.
2, 5, 17, 151
What are the prime factors of 140959?
7, 13, 1549
What are the prime factors of 7596?
2, 3, 211
List the prime factors of 8.
2
What are the prime factors of 2765?
5, 7, 79
List the prime factors of 1793.
11, 163
List the prime factors of 41547.
3, 11, 1259
List the prime factors of 37616.
2, 2351
List the prime factors of 2448.
2, 3, 17
List the prime factors of 1928.
2, 241
List the prime factors of 2143.
2143
What are the prime factors of 70478?
2, 131, 269
What are the prime factors of 3849?
3, 1283
What are the prime factors of 113544?
2, 3, 19, 83
What are the prime factors of 1237?
1237
What are the prime factors of 16005?
3, 5, 11, 97
What are the prime factors of 2891?
7, 59
What are the prime factors of 50603?
7, 7229
List the prime factors of 4848.
2, 3, 101
List the prime factors of 2464.
2, 7, 11
List the prime factors of 3278.
2, 11, 149
What are the prime factors of 38230?
2, 5, 3823
What are the prime factors of 70966?
2, 7, 37, 137
List the prime factors of 3961.
17, 233
What are the prime factors of 132?
2, 3, 11
What are the prime factors of 737?
11, 67
List the prime factors of 3920.
2, 5, 7
What are the prime factors of 1236?
2, 3, 103
What are the prime factors of 30627?
3, 41, 83
What are the prime factors of 863?
863
What are the prime factors of 1119?
3, 373
What are the prime factors of 1075?
5, 43
What are the prime factors of 160?
2, 5
What are the prime factors of 1246?
2, 7, 89
What are the prime factors of 110748?
2, 3, 11, 839
List the prime factors of 22677.
3, 7559
What are the prime factors of 9754?
2, 4877
List the prime factors of 2654.
2, 1327
List the prime factors of 22981.
7, 67
List the prime factors of 12176.
2, 761
What are the prime factors of 2866?
2, 1433
List the prime factors of 4902.
2, 3, 19, 43
What are the prime factors of 4533?
3, 1511
What are the prime factors of 504?
2, 3, 7
List the prime factors of 21956.
2, 11, 499
List the prime factors of 4453.
61, 73
List the prime factors of 2549.
2549
List the prime factors of 93771.
3, 23, 151
What are the prime factors of 30090?
2, 3, 5, 17, 59
What are the prime factors of 502?
2, 251
What are the prime factors of 53816?
2, 7, 31
List the prime factors of 100891.
7, 29, 71
List the prime factors of 9967.
9967
List the prime factors of 22289.
31, 719
List the prime factors of 5723.
59, 97
What are the prime factors of 56919?
3, 18973
What are the prime factors of 3772?
2, 23, 41
List the prime factors of 38.
2, 19
What are the prime factors of 917?
7, 131
What are the prime factors of 11571?
3, 7, 19, 29
What are the prime factors of 49821?
3, 16607
List the prime factors of 8103.
3, 37, 73
What are the prime factors of 11466?
2, 3, 7, 13
What are the prime factors of 826?
2, 7, 59
What are the prime factors of 4697?
7, 11, 61
List the prime factors of 3630.
2, 3, 5, 11
List the prime factors of 13337.
13337
List the prime factors of 2712.
2, 3, 113
List the prime factors of 184.
2, 23
List the prime factors of 1856.
2, 29
What are the prime factors of 158552?
2, 19819
List the prime factors of 1614.
2, 3, 269
List the prime factors of 75158.
2, 37579
List the prime factors of 3460.
2, 5, 173
List the prime factors of 20174.
2, 7, 11, 131
What are the prime factors of 4705?
5, 941
List the prime factors of 4377.
3, 1459
What are the prime factors of 2267?
2267
What are the prime factors of 659?
659
List the prime factors of 1735.
5, 347
List the prime factors of 61946.
2, 47, 659
What are the prime factors of 103?
103
List the prime factors of 39521.
39521
What are the prime factors of 14828?
2, 11, 337
What are the prime factors of 2156?
2, 7, 11
What are the prime factors of 41897?
41897
List the prime factors of 34652.
2, 8663
List the prime factors of 1610.
2, 5, 7, 23
What are the prime factors of 1884?
2, 3, 157
List the prime factors of 3593.
3593
What are the prime factors of 12895?
5, 2579
What are the prime factors of 3124?
2, 11, 71
List the prime factors of 1847.
1847
List the prime factors of 68.
2, 17
List the prime factors of 2425.
5, 97
List the prime factors of 12833.
41, 313
List the prime factors of 7361.
17, 433
List the prime factors of 21266.
2, 7, 31
List the prime factors of 4998.
2, 3, 7, 17
List the prime factors of 1988.
2, 7, 71
List the prime factors of 15986.
2, 7993
List the prime factors of 1374.
2, 3, 229
What are the prime factors of 7988?
2, 1997
What are the prime factors of 768?
2, 3
What are the prime factors of 46473?
3, 7, 2213
What are the prime factors of 3127?
53, 59
What are the prime factors of 51086?
2, 7, 41, 89
List the prime factors of 13826.
2, 31, 223
What are the prime factors of 73639?
211, 349
List the prime factors of 63940.
2, 5, 23, 139
What are the prime factors of 909?
3, 101
List the prime factors of 638.
2, 11, 29
What are the prime factors of 105893?
17, 6229
What are the prime factors of 404?
2, 101
List the prime factors of 187896.
2, 3, 7829
List the prime factors of 23876.
2, 47, 127
What are the prime factors of 24022?
2, 12011
List the prime factors of 1049.
1049
What are the prime factors of 5691?
3, 7, 271
What are the prime factors of 87884?
2, 127, 173
List the prime factors of 442.
2, 13, 17
List the prime factors of 3270.
2, 3, 5, 109
List the prime factors of 231.
3, 7, 11
List the prime factors of 3126.
2, 3, 521
What are the prime factors of 15338?
2, 7669
List the prime factors of 164661.
3, 7, 7841
List the prime factors of 7044.
2, 3, 587
List the prime factors of 55752.
2, 3, 23, 101
List the prime factors of 575.
5, 23
List the prime factors of 3055.
5, 13, 47
List the prime factors of 28424.
2, 11, 17, 19
List the prime factors of 43291.
43291
What are the prime factors of 60652?
2, 59, 257
What are the prime factors of 27232?
2, 23, 37
What are the prime factors of 1274?
2, 7, 13
List the prime factors of 8558.
2, 11, 389
List the prime factors of 5452.
2, 29, 47
List the prime factors of 2001.
3, 23, 29
What are the prime factors of 764?
2, 191
List the prime factors of 2396.
2, 599
What are the prime factors of 16?
2
What are the prime factors of 29?
29
What are the prime factors of 239?
239
What are the prime factors of 21614?
2, 101, 107
What are the prime factors of 1219?
23, 53
List the prime factors of 114.
2, 3, 19
List the prime factors of 1830.
2, 3, 5, 61
List the prime factors of 4220.
2, 5, 211
List the prime factors of 2609.
2609
What are the prime factors of 4242?
2, 3, 7, 101
What are the prime factors of 945?
3, 5, 7
What are the prime factors of 1588?
2, 397
What are the prime factors of 62678?
2, 7, 11, 37
List the prime factors of 494.
2, 13, 19
List the prime factors of 18903.
3, 6301
What are the prime factors of 866?
2, 433
What are the prime factors of 5702?
2, 2851
What are the prime factors of 504?
2, 3, 7
List the prime factors of 52668.
2, 3, 7, 11, 19
What are the prime factors of 39221?
7, 13, 431
What are the prime factors of 1477?
7, 211
List the prime factor